ase 14) to base 4.
233211
-315450 (base 6) to base 4
-12110112
-2bad (base 16) to base 3
-120100010
121212 (base 3) to base 6
2035
14874 (base 10) to base 9
22356
13303113 (base 4) to base 10
31959
Convert 430 (base 7) to base 4.
3121
dfc (base 16) to base 7
13303
What is -d487 (base 16) in base 10?
-54407
What is -3079 (base 16) in base 2?
-11000001111001
-2125 (base 6) to base 4
-13211
Convert 19934 (base 12) to base 11.
262a4
What is 88c6 (base 14) in base 2?
101110010001110
-3052 (base 7) to base 3
-1110111
-58733 (base 9) to base 13
-14b20
What is -111100 (base 2) in base 7?
-114
Convert 155c (base 15) to base 10.
4587
670 (base 9) to base 5
4144
Convert 101a0 (base 12) to base 8.
51010
What is -1110101000100 (base 2) in base 11?
-56a1
2300 (base 5) to base 13
1c0
Convert 121010 (base 3) to base 10.
435
-bb2 (base 13) to base 14
-a32
What is -17544 (base 9) in base 2?
-10111101001101
What is -20435 (base 8) in base 9?
-12558
What is 32223 (base 6) in base 4?
1010313
204131 (base 6) to base 4
10001113
23603 (base 7) to base 4
1133300
5051 (base 10) to base 15
176b
1000444 (base 5) to base 6
200525
Convert -10010000011001 (base 2) to base 4.
-2100121
What is -21001212 (base 3) in base 5?
-131103
Convert -317 (base 11) to base 3.
-112010
Convert 23070 (base 10) to base 16.
5a1e
Convert 1011010000 (base 2) to base 9.
880
110010010 (base 2) to base 15
1bc
Convert -369 (base 12) to base 9.
-630
-200200 (base 3) to base 8
-770
Convert -8334 (base 10) to base 15.
-2709
-1bd (base 16) to base 12
-311
Convert 51b (base 14) to base 11.
834
-844 (base 9) to base 15
-30d
What is -200113 (base 4) in base 2?
-100000010111
-110110100111111 (base 2) to base 9
-42324
Convert 17a (base 12) to base 11.
1a7
b84 (base 14) to base 13
105a
-1267 (base 9) to base 13
-583
31a (base 12) to base 14
246
What is 22402 (base 6) in base 9?
4312
What is 140554 (base 7) in base 12?
13547
-2020103 (base 4) to base 9
-12862
Convert -10102212 (base 3) to base 12.
-154b
-ab3 (base 14) to base 3
-2220102
-985 (base 10) to base 15
-45a
Convert 1110110 (base 2) to base 6.
314
What is -400 (base 5) in base 8?
-144
Convert 1707 (base 11) to base 6.
14041
3012 (base 4) to base 13
123
-40174 (base 8) to base 4
-10001330
What is -a3b4 (base 16) in base 14?
-113b6
What is -44 (base 6) in base 9?
-31
What is -38f (base 16) in base 14?
-491
What is 9409 (base 10) in base 11?
7084
Convert 324c (base 13) to base 6.
52213
29a (base 11) to base 6
1343
11310122 (base 4) to base 6
302202
What is 314 (base 13) in base 12?
378
What is b3a3 (base 15) in base 9?
57050
Convert 18351 (base 12) to base 8.
104355
Convert 351 (base 13) to base 15.
283
Convert 73fa (base 16) to base 4.
13033322
Convert 1356 (base 8) to base 15.
350
Convert -2a740 (base 12) to base 4.
-32212200
Convert -1e2 (base 16) to base 15.
-222
Convert -44 (base 14) to base 2.
-111100
-2b121 (base 12) to base 16
-ece9
145 (base 16) to base 2
101000101
Convert -102210002 (base 3) to base 16.
-218c
-1200011002 (base 3) to base 16
-8093
What is -80e (base 15) in base 4?
-130112
-3533 (base 16) to base 11
-a261
561 (base 8) to base 13
225
-156550 (base 7) to base 15
-936a
What is 191 (base 15) in base 13?
21a
-13010 (base 6) to base 13
-b70
Convert 22634 (base 8) to base 13.
44c8
What is 558 (base 12) in base 2?
1100010100
Convert 550 (base 13) to base 4.
32032
Convert 2940 (base 10) to base 5.
43230
What is 48 (base 9) in base 6?
112
What is -1101010011 (base 2) in base 11?
-704
31030 (base 4) to base 16
34c
What is 281 (base 13) in base 16?
1bb
-785 (base 9) to base 11
-536
1c14 (base 13) to base 10
4242
Convert -10011110100 (base 2) to base 3.
-1201222
What is -123022 (base 4) in base 9?
-2341
What is 731 (base 9) in base 3?
211001
Convert 53556 (base 8) to base 2.
101011101101110
372 (base 13) to base 7
1515
33633 (base 7) to base 6
103330
What is 1a8 (base 14) in base 9?
422
What is -243311 (base 5) in base 2?
-10001111110110
Convert -749 (base 15) to base 7.
-4536
What is 6023 (base 13) in base 16?
339b
-5365 (base 7) to base 9
-2551
What is -1506 (base 15) in base 14?
-18dc
What is 7792 (base 13) in base 10?
16681
Convert 4227 (base 16) to base 9.
25206
33412 (base 5) to base 10
2357
-1110001 (base 5) to base 6
-225412
14211 (base 5) to base 3
1121202
What is -964 (base 11) in base 4?
-102013
-2022 (base 9) to base 16
-5c6
Convert 11040 (base 8) to base 12.
2828
What is -1527 (base 13) in base 4?
-300003
70f (base 16) to base 7
5161
-7b9a (base 16) to base 15
-9597
Convert 112554 (base 7) to base 4.
10323102
What is 16780 (base 12) in base 14?
ba48
71b0 (base 12) to base 3
121222020
What is 44 (base 14) in base 10?
60
-102010121 (base 3) to base 2
-1111110110100
-4112 (base 10) to base 4
-1000100
Convert -14201 (base 6) to base 3.
-10001201
1b8 (base 13) to base 15
165
3021 (base 15) to base 6
115004
Convert -971a (base 14) to base 6.
-320444
What is -20541 (base 10) in base 11?
-14484
What is 220221110 (base 3) in base 7?
104004
Convert 121 (base 13) to base 7.
400
What is 88 (base 10) in base 14?
64
Convert 301b (base 14) to base 13.
39b2
What is -acb0 (base 15) in base 7?
-211515
What is -1456 (base 15) in base 16?
-1104
What is 2661 (base 7) in base 13?
609
-133 (base 10) to base 13
-a3
-1422 (base 11) to base 7
-5235
What is -6b48 (base 12) in base 16?
-2ee8
What is -3212301 (base 4) in base 11?
-10107
-1222211112 (base 3) to base 4
-21211031
What is 113014 (base 5) in base 9?
5603
What is -13420 (base 5) in base 9?
-1463
Convert -4536 (base 8) to base 16.
-95e
What is -1217 (base 13) in base 6?
-15455
7cca (base 14) to base 16
54ea
216 (base 10) to base 4
3120
Convert 20225 (base 6) to base 12.
1675
-17490 (base 10) to base 8
-42122
Convert -54244 (base 7) to base 13.
-61c0
What is -201200 (base 3) in base 14?
-29d
What is -1119 (base 16) in base 10?
-4377
What is 211404 (base 5) in base 2?
1101111000000
What is 3375 (base 13) in base 12?
41b6
What is -89c (base 16) in base 15?
-9be
What is -fb5f (base 16) in base 15?
-14101
6884 (base 9) to base 10
5098
Convert 196 (base 13) to base 4.
10210
Convert 45 (base 7) to base 13.
27
What is -433 (base 13) in base 7?
-2044
Convert 644 (base 10) to base 4.
22010
Convert 100aa (base 11) to base 13.
6946
Convert bf (base 16) to base 9.
232
Convert 663 (base 10) to base 3.
220120
What is 32b4 (base 13) in base 12?
4118
Convert 32232 (base 4) to base 9.
1256
2c3 (base 16) to base 2
1011000011
What is -1200222 (base 3) in base 14?
-649
What is 1020010001 (base 3) in base 7?
130243
What is -1 (base 3) in base 12?
-1
10311033 (base 4) to base 15
5ce6
Convert -44223 (base 5) to base 10.
-3063
-6fb (base 16) to base 12
-104b
Convert 23210010 (base 4) to base 3.
2101222020
What is -41443 (base 6) in base 16?
-15c3
What is -13694 (base 13) in base 4?
-20312333
-41323 (base 5) to base 2
-101010011001
What is -1101231 (base 4) in base 5?
-131404
Convert 142003 (base 5) to base 12.
349a
-5b5 (base 12) to base 5
-11412
Convert 586 (base 9) to base 8.
743
Convert 58a (base 15) to base 13.
757
What is -52ca (base 14) in base 12?
-832a
1404 (base 5) to base 14
125
2bfa (base 16) to base 14
4162
What is 7d57 (base 15) in base 14?
99c4
Convert -19766 (base 11) to base 6.
-331255
Convert -1110020 (base 3) to base 8.
-2043
What is -618 (base 9) in base 11?
-418
What is -1141 (base 10) in base 15?
-511
What is 4d0b (base 16) in base 11?
13900
-409 (base 16) to base 7
-3004
Convert 7e45 (base 16) to base 13.
11937
What is 16406 (base 9) in base 2?
10110000000001
-11010100 (base 2) to base 12
-158
Convert 1002100 (base 3) to base 2.
1100011000
-701 (base 9) to base 12
-3b4
233344 (base 5) to base 12
4b87
What is 97ab (base 14) in base 7?
136304
Convert 12014 (base 7) to base 12.
1962
What is 11200212 (base 3) in base 13?
1736
Convert -444 (base 10) to base 14.
-23a
What is -5b5c (base 13) in base 11?
-9787
What is -1020020 (base 3) in base 11?
-746
Convert 121061 (base 8) to base 4.
22020301
What is -101434 (base 5) in base 13?
-16c2
What is 41633 (base 10) in base 8?
121241
51168 (base 9) to base 14
c3b7
-6e39 (base 16) to base 9
-42632
Convert 11011010111011 (base 2) to base 14.
516b
12133 (base 5) to base 15
413
Convert 4275 (base 9) to base 16.
c4a
-303032 (base 4) to base 12
-1a92
Convert 22331